 - q. Suppose q = 8*s - 50 - 14. What is the greatest common factor of s and 4?
4
Let g(p) = 335*p - 1276. Let r be g(5). Calculate the highest common divisor of r and 304.
19
Let b be 55400/54 + (-42)/(-567). Calculate the highest common divisor of b and 323.
19
Suppose -3*q = -2*l + 9, 4*l - 17 = 5*q + 6. Let y = 13 - l. Let j be y/4 - (4335/(-4))/5. Calculate the highest common factor of 31 and j.
31
Let s be 27 - (-165 - 15) - (2 + 1). What is the highest common divisor of s and 132?
12
Suppose 0 = 2*m + 2*m + 5*m. Suppose 2*l + 12 - 28 = m. Calculate the greatest common factor of l and 8.
8
Let v = 2327 - -81. What is the greatest common factor of 56 and v?
56
Let k be (-3312)/80*11/(132/(-1880)). What is the greatest common divisor of k and 6?
6
Let b be ((-9)/(-12))/((-3)/(12/(-1))). Suppose 5*j - 4*j - 6 = -l, -b*j + 23 = -2*l. Calculate the greatest common divisor of j and 217.
7
Let x(l) = -3*l - 6. Let p be x(2). Let n be (56/p)/((-1)/12). Suppose -208 = -11*m - 15*m. What is the greatest common divisor of n and m?
8
Let o = -2121 + 2125. Let j(t) = -17*t - 4. Let h be j(-4). Calculate the highest common divisor of o and h.
4
Suppose 28*t + 377 = 41*t. Let s = 202 - -1. What is the greatest common factor of s and t?
29
Suppose 0 = -6*v + 2*t + 20028, -9*v - 3*t = -7*v - 6687. What is the greatest common factor of 315 and v?
63
Suppose -5*r + 2*s + 157 = 0, 4*r - 107 = r - 2*s. Suppose -3506*j = -3504*j - 12. What is the highest common divisor of r and j?
3
Let z be ((-3)/12 - (-2770)/(-24))*(-4860)/162. What is the highest common divisor of 10 and z?
10
Let p(h) = 150*h + 846. Let b be p(9). What is the highest common factor of b and 324?
36
Let q(w) = 634*w**2 - 1. Let g be q(-1). Let r = g - 300. Let b = r + -102. Calculate the greatest common factor of b and 21.
21
Let h = -88 + 144. Let b be (-14 + -2)/(548/(-959)). What is the highest common factor of b and h?
28
Suppose 0 = -3*l, 3*l + 3112 = 5*w - 708. Suppose -12*o + w = 188. Calculate the greatest common divisor of o and 6.
6
Let x be 4 - (-5 - 52/(-4)). Let b be (-4 + 2 - 638)*x/8. What is the highest common factor of b and 64?
64
Suppose 3 = 2*v - v. Let l be (v/18)/(2/6)*0. Suppose 0*i - 2*i - 6 = l, -5*b - 3*i + 71 = 0. Calculate the highest common factor of 144 and b.
16
Let o = 8448 - 8434. Let k(b) = 11*b**3 - 2*b**2 - 4*b + 2. Let p be k(4). What is the greatest common factor of o and p?
14
Let z be -12*((-26)/3 - -8). Let y(m) = m**3 + 14*m**2 + 19*m + 32. Let g be y(-12). What is the highest common divisor of z and g?
4
Suppose -51*d + 8970 = -5*d. What is the greatest common divisor of d and 3783?
39
Let o = 2645 + -2603. Calculate the greatest common divisor of o and 42.
42
Suppose 4618152 = 321*w + 53*w. Calculate the highest common divisor of w and 144.
36
Let n be (-2)/(-8) - 46/(-8). Let a(q) = 10*q + q - 22*q + 4*q + 13*q - 3. Let i be a(n). Calculate the highest common factor of 264 and i.
33
Let x(c) = -c**2 - 22*c - 22. Let a be x(-15). Let b(d) = 10*d + 11. Let u be b(-4). Let q = a - u. What is the greatest common divisor of 14 and q?
14
Suppose -4*l = -20*l + 48. Suppose 3*c - 5 = 5*t, 3*c + 0*c - 2*t - 2 = 0. Let h be 21 + (-2)/6*c. Calculate the highest common divisor of l and h.
3
Let i be ((-10)/70 - (-1520)/56)*63. What is the highest common divisor of i and 243?
243
Suppose -3*k = 2*z - 451, 296 = 2*z - 5*k - 195. Let s = z + -211. Calculate the greatest common factor of s and 44.
22
Let c(z) = 5*z**2 - 5*z + 15. Let g be c(-5). Suppose g + 67 = 4*u. Calculate the greatest common factor of 2 and u.
2
Let z = 111 + -72. Suppose 3*h - 313 = o - 46, 3*o + 445 = 5*h. Let s = h - z. Calculate the greatest common factor of s and 20.
10
Suppose 10*u - 14400 = -50*u. Suppose 3*h = -2*h + 75. What is the highest common divisor of h and u?
15
Suppose -4*j - p - 1386 = -15181, 0 = p + 9. What is the highest common divisor of 3045 and j?
203
Let z(g) = -g**3 + 38*g**2 + 229*g + 262. Let q be z(43). Calculate the greatest common divisor of 297 and q.
27
Let n(g) = -2*g**3 + 4*g - 4. Let s be n(-4). Let v = 23839 - 23821. What is the greatest common factor of v and s?
18
Let p(n) = -n**3 + 50*n**2 + 100*n + 238. Let l be p(52). Let j(t) = 331*t**2 + t. Let r be j(-1). Calculate the highest common divisor of l and r.
30
Let x(r) = 6*r**2 - 7*r + 33. Let n be x(4). Let g = -38 + n. Let j = 77 - g. What is the greatest common factor of j and 84?
14
Let u = 836 - 800. What is the greatest common factor of 612 and u?
36
Let m = -127 - -129. Let u be -2*((-17)/m)/(10/20). Calculate the greatest common factor of u and 561.
17
Let v(m) = 4*m - 102. Let y be v(25). Let a(o) = 61*o**2 + 4. Let h be a(y). Calculate the greatest common divisor of 31 and h.
31
Suppose -2*p + p + 13 = 2*q, -1 = 3*p - 4*q. Suppose -2*l + 28 = p*i + 6, -i = 0. Let t be -8 - -12 - (-1 + 4). What is the highest common factor of t and l?
1
Let w = -2 - -6. Suppose 2*h - w*h + 42 = 0. Let p(i) = i**2 - 5*i + 8. Let t be p(6). What is the highest common factor of t and h?
7
Let c(t) = -7*t - 4. Let i(w) = -w + 1. Let m(x) = -c(x) + 6*i(x). Let s be m(0). Let d = -462 - -487. Calculate the highest common divisor of s and d.
5
Let r(i) = -57*i - 180. Let n be r(-10). Suppose -s - 12*h + 15*h + n = 0, 1170 = 3*s - 5*h. Calculate the greatest common divisor of 117 and s.
39
Suppose 2*o - 2 = -4*p, 0*p + 14 = 4*o - 2*p. Suppose -5*a - 4*c + o*c + 3477 = 0, 2*a - 1407 = 5*c. Calculate the highest common divisor of 6 and a.
6
Let g be (-11 + (-144)/2 + 1)*-1*1. What is the highest common factor of g and 533?
41
Let t = 3 + -9. Let n be 0 + ((-162)/21)/(t/28). Calculate the highest common factor of 108 and n.
36
Suppose 2*m - 39 = 3*k - 352, -3*m - 217 = -2*k. Suppose -111*d + 210 = -k*d. What is the highest common divisor of 2 and d?
1
Let w(j) = -15*j + 105. Suppose 0 = 2*l - 2*c + 22, -c - 59 = 4*l - 2*c. Let n be w(l). Calculate the greatest common divisor of 15 and n.
15
Suppose -2 = -m - 0*m. Suppose 4*n + m*d - 5*d = 24, 3*d - 24 = -4*n. Suppose 5*h = -3*j + 5, 0*j = 4*j + 20. Calculate the highest common divisor of n and h.
2
Suppose 6*c + 40 = 244. Calculate the highest common factor of c and 1258.
34
Let f = 17 - -37. Suppose 0 = -12*r + 116 + 172. What is the highest common divisor of r and f?
6
Let j be 177650/228 + 2 + (-13)/6. What is the greatest common factor of j and 164?
41
Suppose 0 = -5*f - 4*t + 78, 25 = 2*f - 3*t + 3. Suppose 57*s + 80*s = 82474. Calculate the greatest common factor of s and f.
14
Suppose -4*m = -8*m + 168. Let a be 31 + (2 + -3)*2. Let c = 43 - a. Calculate the highest common divisor of m and c.
14
Let n = -10514 + 10942. Calculate the highest common divisor of 4 and n.
4
Let n be -9 - 0 - (-2772)/12. Calculate the greatest common factor of n and 24.
6
Suppose -140 = 122*a - 129*a. What is the greatest common divisor of 3460 and a?
20
Let l be (1 + 11/(-2))*-2. Let f(t) = t**2 + 17. Let p be f(-8). What is the greatest common factor of p and l?
9
Let u be 5/(1*2/6). Suppose 0 = 2*q - y + 2370, -29*q + 24*q - 5924 = -2*y. Let m = -1139 - q. Calculate the highest common divisor of m and u.
15
Let t be (-5952108)/306*((-6)/4 - 0). What is the highest common divisor of 163 and t?
163
Let c = -9893 - -9973. What is the greatest common factor of c and 144?
16
Let w(c) = -17*c + 48. Let v be w(0). Suppose 0 = 6*g - 2*g - v. Calculate the greatest common factor of 114 and g.
6
Let j = 2166 - 150. What is the greatest common factor of j and 8?
8
Let k = 0 - -2. Let y(c) = 27*c + 108. Let u be y(-4). Let x be (k - (-1 + -1))*(13 + u). Calculate the highest common factor of x and 39.
13
Let h be (171/399)/((-2)/(-7))*(35 - 3). What is the greatest common factor of 246 and h?
6
Suppose 0 = 4*l + 3*w + 19, -3*l - 50 = 5*w - 22. Let h = 428 - l. Calculate the highest common divisor of h and 78.
39
Let w = 107 - 99. Suppose w*c = -5*c. Suppose c = 4*p - 88 + 8. What is the greatest common factor of p and 10?
10
Suppose 0*b - b = -2*d - 3, -5*d = 4*b + 27. Let p be (14/d - -6)/((-2)/54). Let c = p + 49. What is the greatest common divisor of 143 and c?
13
Let h = -12361 + 14657. What is the highest common factor of 112 and h?
56
Suppose 3*r - 800 = 5*c, 0 = 3*c - r + 5*r + 50